{"id":111,"date":"2019-06-06T15:10:43","date_gmt":"2019-06-06T13:10:43","guid":{"rendered":"http:\/\/www.maschseegold.de\/?page_id=111"},"modified":"2019-06-06T15:10:43","modified_gmt":"2019-06-06T13:10:43","slug":"datenschutzerklaerung","status":"publish","type":"page","link":"https:\/\/www.maschseegold.de\/?page_id=111","title":{"rendered":"Datenschutzerkl\u00e4rung"},"content":{"rendered":"\n<h4 class=\"wp-block-heading\">Grundlegendes<\/h4>\n\n\n\n<p class=\"wp-block-paragraph\">Diese Datenschutzerkl\u00e4rung soll die Nutzer dieser Website \u00fcber die  Art, den Umfang und den Zweck der Erhebung und Verwendung  personenbezogener Daten durch den <a href=\"https:\/\/www.maschseegold.de\/?page_id=64\">Websitebetreiber <\/a>informieren.<\/p>\n\n\n\n<p class=\"wp-block-paragraph\">Der <a href=\"https:\/\/www.maschseegold.de\/?page_id=64\">Websitebetreiber<\/a> nimmt Ihren Datenschutz sehr ernst und behandelt  Ihre personenbezogenen Daten vertraulich und entsprechend der  gesetzlichen Vorschriften. Da durch neue Technologien und die st\u00e4ndige  Weiterentwicklung dieser Webseite \u00c4nderungen an dieser  Datenschutzerkl\u00e4rung vorgenommen werden k\u00f6nnen, empfehlen wir Ihnen sich  die Datenschutzerkl\u00e4rung in regelm\u00e4\u00dfigen Abst\u00e4nden wieder durchzulesen.<\/p>\n\n\n\n<p class=\"wp-block-paragraph\">Definitionen der verwendeten Begriffe (z.B. \u201cpersonenbezogene Daten\u201d oder \u201cVerarbeitung\u201d) finden Sie in Art. 4 DSGVO.<\/p>\n","protected":false},"excerpt":{"rendered":"<p>Grundlegendes Diese Datenschutzerkl\u00e4rung soll die Nutzer dieser Website \u00fcber die Art, den Umfang und den Zweck der Erhebung und Verwendung personenbezogener Daten durch den Websitebetreiber informieren. Der Websitebetreiber nimmt Ihren Datenschutz sehr ernst und behandelt Ihre personenbezogenen Daten vertraulich und entsprechend der gesetzlichen Vorschriften. Da durch neue Technologien und die st\u00e4ndige Weiterentwicklung dieser Webseite \u00c4nderungen &hellip; <\/p>\n<p class=\"link-more\"><a href=\"https:\/\/www.maschseegold.de\/?page_id=111\" class=\"more-link\"><span class=\"screen-reader-text\">\u201eDatenschutzerkl\u00e4rung\u201c <\/span>weiterlesen<\/a><\/p>\n","protected":false},"author":1,"featured_media":0,"parent":0,"menu_order":0,"comment_status":"closed","ping_status":"closed","template":"","meta":{"_crdt_document":"","footnotes":""},"class_list":["post-111","page","type-page","status-publish","hentry"],"_links":{"self":[{"href":"https:\/\/www.maschseegold.de\/index.php?rest_route=\/wp\/v2\/pages\/111","targetHints":{"allow":["GET"]}}],"collection":[{"href":"https:\/\/www.maschseegold.de\/index.php?rest_route=\/wp\/v2\/pages"}],"about":[{"href":"https:\/\/www.maschseegold.de\/index.php?rest_route=\/wp\/v2\/types\/page"}],"author":[{"embeddable":true,"href":"https:\/\/www.maschseegold.de\/index.php?rest_route=\/wp\/v2\/users\/1"}],"replies":[{"embeddable":true,"href":"https:\/\/www.maschseegold.de\/index.php?rest_route=%2Fwp%2Fv2%2Fcomments&post=111"}],"version-history":[{"count":3,"href":"https:\/\/www.maschseegold.de\/index.php?rest_route=\/wp\/v2\/pages\/111\/revisions"}],"predecessor-version":[{"id":114,"href":"https:\/\/www.maschseegold.de\/index.php?rest_route=\/wp\/v2\/pages\/111\/revisions\/114"}],"wp:attachment":[{"href":"https:\/\/www.maschseegold.de\/index.php?rest_route=%2Fwp%2Fv2%2Fmedia&parent=111"}],"curies":[{"name":"wp","href":"https:\/\/api.w.org\/{rel}","templated":true}]}}